
In base 12, what is -4 - 4b7?
-4bb
In base 6, what is 123334 - -54?
123432
In base 9, what is -2 - -41042?
41040
In base 13, what is 131ca1 + -3?
131c9b
In base 2, what is -111011100 - -1001100000100?
1000100101000
In base 11, what is -33 + 6095?
6062
In base 8, what is 22733 + 3?
22736
In base 11, what is -477 - 2?
-479
In base 9, what is -108 + 1204?
1085
In base 7, what is -163 - 2124?
-2320
In base 3, what is 12 - 2010021201?
-2010021112
In base 15, what is -1d - 237d?
-239b
In base 4, what is 1 + 1213113?
1213120
In base 4, what is -111212230 + -232?
-111213122
In base 12, what is 3 + b04a7?
b04aa
In base 2, what is -10010 + -11001001010?
-11001011100
In base 5, what is -30 + 12302?
12222
In base 11, what is 2aa + 4714?
4a13
In base 15, what is -15 + -6e5?
-70a
In base 12, what is 430 - -6b?
49b
In base 14, what is -1 + 52829?
52828
In base 2, what is 11 + 100000010000100?
100000010000111
In base 5, what is 113141 - 11?
113130
In base 14, what is 2d89c + -4?
2d898
In base 12, what is 9 + -3537?
-352a
In base 15, what is -12701c - -2?
-12701a
In base 6, what is -3 + 22540300?
22540253
In base 4, what is 30 - -201030?
201120
In base 13, what is -30c4a + 1?
-30c49
In base 3, what is -211221000211 + 12?
-211221000122
In base 15, what is 127a + 617?
1892
In base 10, what is -24 - 826?
-850
In base 9, what is -47 + -1748?
-1806
In base 2, what is -100 + -10111111011110111?
-10111111011111011
In base 9, what is -15 - -16683?
16667
In base 10, what is -13 - -94?
81
In base 11, what is 2 + -278133?
-278131
In base 6, what is -10 + 25230?
25220
In base 4, what is 123000 - -1123?
130123
In base 2, what is 100 + -111101000101101001?
-111101000101100101
In base 10, what is -327 + -3434?
-3761
In base 8, what is 55 - -1721?
1776
In base 11, what is 209 + -6805?
-65a7
In base 16, what is 3 + -68a1?
-689e
In base 6, what is -11 - -1035033?
1035022
In base 16, what is -597 + -4d?
-5e4
In base 5, what is 2 + -4321433?
-4321431
In base 13, what is -73b3 - 0?
-73b3
In base 10, what is -4 + -5275?
-5279
In base 3, what is 1122212022 - 2?
1122212020
In base 12, what is 5 + -5072a?
-50725
In base 11, what is 59 + -939?
-890
In base 10, what is -4 + -200341?
-200345
In base 10, what is 64 - 571?
-507
In base 5, what is 1434 + 33010?
34444
In base 7, what is 4 - -244310?
244314
In base 15, what is -19c3b + 1?
-19c3a
In base 4, what is 13000 + -320133?
-301133
In base 6, what is 4 + -3111523?
-3111515
In base 7, what is -3 + 6561?
6555
In base 2, what is 111 + 100000100001?
100000101000
In base 11, what is 5a11 + a?
5a20
In base 14, what is 1c2 - 1c6c?
-1a8a
In base 8, what is -10 + 73501?
73471
In base 8, what is 44151 - 5?
44144
In base 14, what is -764546 - 1?
-764547
In base 8, what is 141527 + 5?
141534
In base 5, what is -134023 - 121?
-134144
In base 6, what is 1501 + 31?
1532
In base 2, what is -1110010101 - 10010111?
-10000101100
In base 12, what is -5 + 1848?
1843
In base 4, what is -13 - -10310300?
10310221
In base 12, what is -65 - 398?
-441
In base 13, what is 768959 - -5?
768961
In base 13, what is 18 + c54?
c6c
In base 10, what is -1069333 - -5?
-1069328
In base 4, what is -3031303012 - 2?
-3031303020
In base 10, what is 2 + 396329?
396331
In base 4, what is 1 + -10102120?
-10102113
In base 9, what is 512 + -347?
154
In base 14, what is 9cb7 + -5?
9cb2
In base 7, what is 4 + 1463?
1500
In base 12, what is 17 + 3a50?
3a67
In base 10, what is -170989 + 5?
-170984
In base 9, what is 5 + -144754?
-144748
In base 15, what is -548 + -2a?
-573
In base 8, what is -2 - 36675?
-36677
In base 12, what is -64ba34 + 2?
-64ba32
In base 9, what is -13 - -1761?
1747
In base 9, what is 5 + 364064?
364070
In base 15, what is -5 - -606?
601
In base 12, what is 3 + -1a7324?
-1a7321
In base 7, what is -14044 - 131?
-14205
In base 15, what is 52 + 5a23?
5a75
In base 11, what is 541 + -132?
40a
In base 14, what is 4623 - -4?
4627
In base 10, what is -5775 - -3?
-5772
In base 9, what is 66214 + -3?
66211
In base 14, what is -2 - -24b82?
24b80
In base 15, what is 629 - 15d?
4bb
In base 3, what is 210211 + -22?
210112
In base 15, what is -653 - 45?
-698
In base 4, what is -11 - -1221302001?
1221301330
In base 7, what is -20336 + 14?
-20322
In base 9, what is -31464 + -42?
-31516
In base 12, what is -784 - 62?
-826
In base 2, what is 1110 - 11000100100110?
-11000100011000
In base 16, what is -3facd + -1?
-3face
In base 14, what is 24d5 - 6?
24cd
In base 13, what is 5508 + 11?
5519
In base 13, what is -5 + -5566a?
-55672
In base 7, what is 5 - -45065?
45103
In base 8, what is -17277 - -1?
-17276
In base 4, what is 331031 - 2?
331023
In base 2, what is -10111 + -11011110011000101?
-11011110011011100
In base 8, what is 524357 - -3?
524362
In base 14, what is -11 - 48b1?
-48c2
In base 8, what is -12157760 + 4?
-12157754
In base 2, what is -1110111001011010 + 10?
-1110111001011000
In base 15, what is -1851 - -133?
-171d
In base 14, what is 1c36 - 0?
1c36
In base 11, what is -343a63 + 5?
-343a59
In base 15, what is 51 - 7d17?
-7cb6
In base 6, what is -30055 + 20?
-30035
In base 11, what is 14 - -4a?
63
In base 14, what is -5 - 207b?
-2082
In base 3, what is -112010000210 - 110?
-112010001020
In base 16, what is 12 - 5b7?
-5a5
In base 13, what is 3 - 9b14?
-9b11
In base 4, what is -3322210 - 311?
-3323121
In base 4, what is -300000 + 1111?
-232223
In base 12, what is 108b2a + -5?
108b25
In base 14, what is -168 + -400c?
-4176
In base 14, what is 7 - -d8726?
d872d
In base 9, what is -2436 + 2?
-2434
In base 5, what is 14401 + -20?
14331
In base 13, what is -a221 - 4?
-a225
In base 5, what is -4 - 110002?
-110011
In base 13, what is 28001 + 2?
28003
In base 3, what is 10 + -1110112111?
-1110112101
In base 2, what is 110011110 + 1000011010?
1110111000
In base 10, what is 0 - 149866?
-149866
In base 9, what is -2766174 + -3?
-2766177
In base 16, what is -b + 7c274?
7c269
In base 12, what is 34 + 714?
748
In base 15, what is -12e0 + -40?
-1330
In base 7, what is -10 - 124225?
-124235
In base 11, what is -76 + 44a9?
4433
In base 15, what is -6d2 - -7?
-6ca
In base 2, what is -110 + -1100110111011?
-1100111000001
In base 14, what is 32 + -7c5?
-793
In base 10, what is 513 + 87?
600
In base 8, what is -32 - 2342?
-2374
In base 12, what is 62 + 23?
85
In base 8, what is 1045 - -543?
1610
In base 10, what is 3 - 37506?
-37503
In base 12, what is -953 + 13?
-940
In base 8, what is 0 + 1333737?
1333737
In base 8, what is -5535 + -16?
-5553
In base 14, what is 213d9 + 4?
213dd
In base 3, what is 110 + 1112021221?
1112022101
In base 10, what is -24629 + -2?
-24631
In base 9, what is -8223 + -5?
-8228
In base 12, what is -73a - -86?
-674
In base 12, what is -98 + 1b17?
1a3b
In base 14, what is 779 + cb?
866
In base 9, what is 1486880 - -1?
1486881
In base 2, what is -10011100000 - 10110?
-10011110110
In base 9, what is 802 + 2?
804
In base 15, what is -9a0d + -3?
-9a11
In base 7, what is -1216 + 641?
-245
In base 13, what is -399 + -15b?
-527
In base 2, what is 101 - -1010001000001111001?
1010001000001111110
In base 15, what is 1 + 5931a?
5931b
In base 7, what is -1653 - -4205?
2222
In base 8, what is 1412250 - -4?
1412254
In base 16, what is -2ad2 + -ca?
-2b9c
In base 12, what is 297 - 279?
1a
In base 15, what is 2 + 2137?
2139
In base 10, what is -5 - 24771?
-24776
In base 4, what is -10 + -133003333?
-133010003
In base 8, what is 22455 + 4?
22461
In base 15, what is -5b66 + 2?
-5b64
In base 12, what is 1037a + 5?
10383
In base 7, what is -5023 - -516?
-4204
In base 4, what is -123023 - 321?
-130010
In base 14, what is -1 - 8463?
-8464
In base 5, what is 320 - 3030?
-2210
In base 4, what is 3303 + -1203?
2100
In base 7, what is 1164243 + 13?
1164256
In base 7, what is 153541 + 0?
153541
In base 4, what is -21011032131 - -1?
-21011032130
In base 7, what is 526 - -13132?
13661
In base 5, what is -23040 - 30030?
-103120
In base 2, what is 1000 - 100111110011?
-100111101011
In base 3, what is -1000122 + 10200?
-212222
In base 2, what is -101 + 1000000100110011?
1000000100101110
In base 3, what is 12 - 1211121022?
-1211121010
In base 14, what is -410 + 12?
-3dc
In base 9, what is -5125 + 38?
-5076
In base 7, what is -6 - 1304?
-1313
In base 2, what is -11000011100000000 + 101?
-1100001101111101